{"id":446,"date":"2022-05-14T16:04:33","date_gmt":"2022-05-14T16:04:33","guid":{"rendered":"https:\/\/reveex.com\/laboratorios\/?post_type=product&#038;p=446"},"modified":"2022-05-14T16:04:53","modified_gmt":"2022-05-14T16:04:53","slug":"eriprim-r","status":"publish","type":"product","link":"https:\/\/reveex.com\/laboratorios\/producto\/eriprim-r\/","title":{"rendered":"Eriprim R"},"content":{"rendered":"<p>Envase con 100 g.<\/p>\n<p><strong>Composici\u00f3n:<\/strong><\/p>\n<p>Tylosina (tartrato) 2 g<\/p>\n<p>Sulfafurazol (s\u00f3dico) 8,5 g<\/p>\n<p>Trimethoprim (lactato) 1,7 g<\/p>\n<p>Colistina (sulfato) 14.000.000 U.I<\/p>\n<p>Excipiente c.s.p. 100 g<\/p>\n<p><strong>Posolog\u00eda:<\/strong><\/p>\n<p>Aves: 2 g\/litro de agua de bebida\/d\u00eda, durante 2 d\u00edas y continuar con 1 g\/litro de agua de bebida\/d\u00eda, durante 3 d\u00edas m\u00e1s.<\/p>\n<p><b>C\u00f3digo<\/b><strong>:<\/strong><\/p>\n","protected":false},"excerpt":{"rendered":"<p><strong> Indicaciones:<\/strong><\/p>\n<p align=\"justify\">Aves: tratamiento de Micoplasmosis pura, Enfermedad respiratoria cr\u00f3nica (C.R.D.) complicada con E. coli, Coriza infeccioso y complicaciones bacterianas de enfermedades virales.<\/p>\n<p><strong> Administraci\u00f3n:<\/strong><\/p>\n<p align=\"justify\">Administrar por v\u00eda oral, en agua de bebida.<\/p>\n<p>&nbsp;<\/p>\n","protected":false},"featured_media":471,"comment_status":"closed","ping_status":"closed","template":"","meta":{"_exactmetrics_skip_tracking":false,"_exactmetrics_sitenote_active":false,"_exactmetrics_sitenote_note":"","_exactmetrics_sitenote_category":0,"_uf_show_specific_survey":0,"_uf_disable_surveys":false},"product_brand":[],"product_cat":[42],"product_tag":[43],"class_list":{"0":"post-446","1":"product","2":"type-product","3":"status-publish","4":"has-post-thumbnail","6":"product_cat-ganaderia-y-avicultura","7":"product_tag-ganaderia-y-avicultura","9":"first","10":"instock","11":"shipping-taxable","12":"product-type-simple"},"aioseo_notices":[],"_links":{"self":[{"href":"https:\/\/reveex.com\/laboratorios\/wp-json\/wp\/v2\/product\/446","targetHints":{"allow":["GET"]}}],"collection":[{"href":"https:\/\/reveex.com\/laboratorios\/wp-json\/wp\/v2\/product"}],"about":[{"href":"https:\/\/reveex.com\/laboratorios\/wp-json\/wp\/v2\/types\/product"}],"replies":[{"embeddable":true,"href":"https:\/\/reveex.com\/laboratorios\/wp-json\/wp\/v2\/comments?post=446"}],"wp:featuredmedia":[{"embeddable":true,"href":"https:\/\/reveex.com\/laboratorios\/wp-json\/wp\/v2\/media\/471"}],"wp:attachment":[{"href":"https:\/\/reveex.com\/laboratorios\/wp-json\/wp\/v2\/media?parent=446"}],"wp:term":[{"taxonomy":"product_brand","embeddable":true,"href":"https:\/\/reveex.com\/laboratorios\/wp-json\/wp\/v2\/product_brand?post=446"},{"taxonomy":"product_cat","embeddable":true,"href":"https:\/\/reveex.com\/laboratorios\/wp-json\/wp\/v2\/product_cat?post=446"},{"taxonomy":"product_tag","embeddable":true,"href":"https:\/\/reveex.com\/laboratorios\/wp-json\/wp\/v2\/product_tag?post=446"}],"curies":[{"name":"wp","href":"https:\/\/api.w.org\/{rel}","templated":true}]}}