{"id":428,"date":"2022-05-14T16:04:12","date_gmt":"2022-05-14T16:04:12","guid":{"rendered":"https:\/\/reveex.com\/laboratorios\/?post_type=product&#038;p=428"},"modified":"2022-05-14T16:04:49","modified_gmt":"2022-05-14T16:04:49","slug":"broncoveex","status":"publish","type":"product","link":"https:\/\/reveex.com\/laboratorios\/producto\/broncoveex\/","title":{"rendered":"Broncoveex"},"content":{"rendered":"<p>Frasco con 12 c\u00e1psulas.<\/p>\n<p><strong>Composici\u00f3n:<\/strong><\/p>\n<p>Cada c\u00e1psula contiene:<\/p>\n<p>Bromhexina (clorhidrato) 10 mg<\/p>\n<p>Acido tart\u00e1rico 150 mg<\/p>\n<p>Excipiente c.s.p. 500 mg<\/p>\n<p><strong>Posolog\u00eda:<\/strong><\/p>\n<p>Cachorros y Gatos: \u00bd c\u00e1psula por 10 kg p.v y d\u00eda. Perros adultos: 1 c\u00e1psula por 20 kg p.v y d\u00eda. Administrar durante 5 d\u00edas seguidos.<\/p>\n<p><b>C\u00f3digo<\/b><strong>:<\/strong><\/p>\n","protected":false},"excerpt":{"rendered":"<p><strong> Indicaciones:<\/strong><\/p>\n<p align=\"justify\">Perros y Gatos: Mucol\u00edtico &#8211; expectorante. En infecciones y afecciones de las v\u00edas respiratorias que cursen con un incremento de la producci\u00f3n anormal de moco y\/o de su viscosidad, en particular: bronquitis, bronconeumon\u00eda, traqueitis, neumon\u00eda, laringitis y rinitis; para facilitar la expectoraci\u00f3n y calmar la tos. En infecciones respiratorias administrar junto con antibi\u00f3ticos y\/o quimioter\u00e1picos.<\/p>\n<p><strong> Administraci\u00f3n:<\/strong><\/p>\n<p align=\"justify\">Administrar por v\u00eda oral.<\/p>\n<p>&nbsp;<\/p>\n","protected":false},"featured_media":468,"comment_status":"closed","ping_status":"closed","template":"","meta":{"_exactmetrics_skip_tracking":false,"_exactmetrics_sitenote_active":false,"_exactmetrics_sitenote_note":"","_exactmetrics_sitenote_category":0,"_uf_show_specific_survey":0,"_uf_disable_surveys":false},"product_brand":[],"product_cat":[44],"product_tag":[45],"class_list":{"0":"post-428","1":"product","2":"type-product","3":"status-publish","4":"has-post-thumbnail","6":"product_cat-pets","7":"product_tag-pets","9":"first","10":"instock","11":"shipping-taxable","12":"product-type-simple"},"aioseo_notices":[],"_links":{"self":[{"href":"https:\/\/reveex.com\/laboratorios\/wp-json\/wp\/v2\/product\/428","targetHints":{"allow":["GET"]}}],"collection":[{"href":"https:\/\/reveex.com\/laboratorios\/wp-json\/wp\/v2\/product"}],"about":[{"href":"https:\/\/reveex.com\/laboratorios\/wp-json\/wp\/v2\/types\/product"}],"replies":[{"embeddable":true,"href":"https:\/\/reveex.com\/laboratorios\/wp-json\/wp\/v2\/comments?post=428"}],"wp:featuredmedia":[{"embeddable":true,"href":"https:\/\/reveex.com\/laboratorios\/wp-json\/wp\/v2\/media\/468"}],"wp:attachment":[{"href":"https:\/\/reveex.com\/laboratorios\/wp-json\/wp\/v2\/media?parent=428"}],"wp:term":[{"taxonomy":"product_brand","embeddable":true,"href":"https:\/\/reveex.com\/laboratorios\/wp-json\/wp\/v2\/product_brand?post=428"},{"taxonomy":"product_cat","embeddable":true,"href":"https:\/\/reveex.com\/laboratorios\/wp-json\/wp\/v2\/product_cat?post=428"},{"taxonomy":"product_tag","embeddable":true,"href":"https:\/\/reveex.com\/laboratorios\/wp-json\/wp\/v2\/product_tag?post=428"}],"curies":[{"name":"wp","href":"https:\/\/api.w.org\/{rel}","templated":true}]}}