{"id":426,"date":"2022-05-14T16:04:12","date_gmt":"2022-05-14T16:04:12","guid":{"rendered":"https:\/\/reveex.com\/laboratorios\/?post_type=product&#038;p=426"},"modified":"2022-05-14T16:04:46","modified_gmt":"2022-05-14T16:04:46","slug":"colirio-antibiotico","status":"publish","type":"product","link":"https:\/\/reveex.com\/laboratorios\/producto\/colirio-antibiotico\/","title":{"rendered":"Colirio Antibi\u00f3tico"},"content":{"rendered":"<p>Frasco gotero con 10 ml.<\/p>\n<p><strong>Composici\u00f3n:<\/strong><\/p>\n<p>Cloranfenicol 5 mg<\/p>\n<p>Excipiente acuoso est\u00e9ril c.s.p. 1 ml<\/p>\n<p><strong>Posolog\u00eda:<\/strong><\/p>\n<p>Perros y Gatos: Instilar 2 gotas en el saco de la conjuntiva del ojo afectado cada 3 horas, durante los dos primeros d\u00edas. Despu\u00e9s del segundo d\u00eda de tratamiento, la frecuencia del mismo puede reducirse, siempre bajo criterio del m\u00e9dico veterinario.<\/p>\n<p><b>C\u00f3digo<\/b><strong>:<\/strong><\/p>\n","protected":false},"excerpt":{"rendered":"<p><strong> Indicaciones:<\/strong><\/p>\n<p align=\"justify\">Perros y Gatos: Tratamiento t\u00f3pico de infecciones del ojo externo y sus anexos (conjuntiva y\/o c\u00f3rnea), especialmente las causadas por g\u00e9rmenes sensibles al Cloranfenicol: Conjuntivitis, Queratitis, Blefaritis e Iritis. En infecciones severas, el tratamiento t\u00f3pico debe ir acompa\u00f1ado de un tratamiento sist\u00e9mico con un antibi\u00f3tico adecuado.<\/p>\n<p><strong> Administraci\u00f3n:<\/strong><\/p>\n<p align=\"justify\">Administrar por v\u00eda oft\u00e1lmica. Separar los parpados del ojo e instilar las gotas en el saco conjuntival. Es conveniente que la aplicaci\u00f3n del colirio se realice con pulcritud, evitando cualquier contacto con la parte superior del frasco gotero. Tapar el frasco despu\u00e9s de cada aplicaci\u00f3n.<\/p>\n<p>&nbsp;<\/p>\n","protected":false},"featured_media":466,"comment_status":"closed","ping_status":"closed","template":"","meta":{"_exactmetrics_skip_tracking":false,"_exactmetrics_sitenote_active":false,"_exactmetrics_sitenote_note":"","_exactmetrics_sitenote_category":0,"_uf_show_specific_survey":0,"_uf_disable_surveys":false},"product_brand":[],"product_cat":[44],"product_tag":[45],"class_list":{"0":"post-426","1":"product","2":"type-product","3":"status-publish","4":"has-post-thumbnail","6":"product_cat-pets","7":"product_tag-pets","9":"first","10":"instock","11":"shipping-taxable","12":"product-type-simple"},"aioseo_notices":[],"_links":{"self":[{"href":"https:\/\/reveex.com\/laboratorios\/wp-json\/wp\/v2\/product\/426","targetHints":{"allow":["GET"]}}],"collection":[{"href":"https:\/\/reveex.com\/laboratorios\/wp-json\/wp\/v2\/product"}],"about":[{"href":"https:\/\/reveex.com\/laboratorios\/wp-json\/wp\/v2\/types\/product"}],"replies":[{"embeddable":true,"href":"https:\/\/reveex.com\/laboratorios\/wp-json\/wp\/v2\/comments?post=426"}],"wp:featuredmedia":[{"embeddable":true,"href":"https:\/\/reveex.com\/laboratorios\/wp-json\/wp\/v2\/media\/466"}],"wp:attachment":[{"href":"https:\/\/reveex.com\/laboratorios\/wp-json\/wp\/v2\/media?parent=426"}],"wp:term":[{"taxonomy":"product_brand","embeddable":true,"href":"https:\/\/reveex.com\/laboratorios\/wp-json\/wp\/v2\/product_brand?post=426"},{"taxonomy":"product_cat","embeddable":true,"href":"https:\/\/reveex.com\/laboratorios\/wp-json\/wp\/v2\/product_cat?post=426"},{"taxonomy":"product_tag","embeddable":true,"href":"https:\/\/reveex.com\/laboratorios\/wp-json\/wp\/v2\/product_tag?post=426"}],"curies":[{"name":"wp","href":"https:\/\/api.w.org\/{rel}","templated":true}]}}