{"id":421,"date":"2022-05-14T16:04:11","date_gmt":"2022-05-14T16:04:11","guid":{"rendered":"https:\/\/reveex.com\/laboratorios\/?post_type=product&#038;p=421"},"modified":"2022-05-14T16:04:40","modified_gmt":"2022-05-14T16:04:40","slug":"ivermectina-1-pet-5ml","status":"publish","type":"product","link":"https:\/\/reveex.com\/laboratorios\/producto\/ivermectina-1-pet-5ml\/","title":{"rendered":"Ivermectina 1% (PET) 5ml"},"content":{"rendered":"<p>Frasco con 5 ml.<\/p>\n<p><strong>Composici\u00f3n:<\/strong><\/p>\n<p>Ivermectina 10 mg<\/p>\n<p>Excipiente c.s.p. 1 ml<\/p>\n<p><strong>Posolog\u00eda:<\/strong><\/p>\n<p>Perros: 0,1 a 0,2 ml por cada 5 kg p.v (200 a 400 mcg de Ivermectina por kg p.v), a intervalos mensuales, en el mismo o cerca del mismo d\u00eda de cada mes.<\/p>\n<p><b>C\u00f3digo<\/b><strong>:<\/strong><\/p>\n","protected":false},"excerpt":{"rendered":"<p><strong> Indicaciones:<\/strong><\/p>\n<p align=\"justify\">Perros: Nematodosis, Dirofilariosis, Parasitosis externas y Sarna. Tratamiento y control de las infestaciones por Ascaris (Toxocara canis, Toxascaris leonina) y Ancilostomas (Ancylostoma caninum, Uncinaria stenocephala). Prevenci\u00f3n de la Dirofilariosis cardiopulmonar canina (enfermedad del gusano del coraz\u00f3n), eliminando el estadio larvario tisular de Dirofilaria immitis. Tratamiento y control de la sarna de las orejas (Otodectes cynotis) e infestaciones por piojos.<\/p>\n<p><strong> Administraci\u00f3n:<\/strong><\/p>\n<p align=\"justify\">Administrar por v\u00eda subcut\u00e1nea exclusivamente, en dosis \u00fanica.<\/p>\n<p>&nbsp;<\/p>\n","protected":false},"featured_media":461,"comment_status":"closed","ping_status":"closed","template":"","meta":{"_exactmetrics_skip_tracking":false,"_exactmetrics_sitenote_active":false,"_exactmetrics_sitenote_note":"","_exactmetrics_sitenote_category":0,"_uf_show_specific_survey":0,"_uf_disable_surveys":false},"product_brand":[],"product_cat":[44],"product_tag":[45],"class_list":{"0":"post-421","1":"product","2":"type-product","3":"status-publish","4":"has-post-thumbnail","6":"product_cat-pets","7":"product_tag-pets","9":"first","10":"instock","11":"shipping-taxable","12":"product-type-simple"},"aioseo_notices":[],"_links":{"self":[{"href":"https:\/\/reveex.com\/laboratorios\/wp-json\/wp\/v2\/product\/421","targetHints":{"allow":["GET"]}}],"collection":[{"href":"https:\/\/reveex.com\/laboratorios\/wp-json\/wp\/v2\/product"}],"about":[{"href":"https:\/\/reveex.com\/laboratorios\/wp-json\/wp\/v2\/types\/product"}],"replies":[{"embeddable":true,"href":"https:\/\/reveex.com\/laboratorios\/wp-json\/wp\/v2\/comments?post=421"}],"wp:featuredmedia":[{"embeddable":true,"href":"https:\/\/reveex.com\/laboratorios\/wp-json\/wp\/v2\/media\/461"}],"wp:attachment":[{"href":"https:\/\/reveex.com\/laboratorios\/wp-json\/wp\/v2\/media?parent=421"}],"wp:term":[{"taxonomy":"product_brand","embeddable":true,"href":"https:\/\/reveex.com\/laboratorios\/wp-json\/wp\/v2\/product_brand?post=421"},{"taxonomy":"product_cat","embeddable":true,"href":"https:\/\/reveex.com\/laboratorios\/wp-json\/wp\/v2\/product_cat?post=421"},{"taxonomy":"product_tag","embeddable":true,"href":"https:\/\/reveex.com\/laboratorios\/wp-json\/wp\/v2\/product_tag?post=421"}],"curies":[{"name":"wp","href":"https:\/\/api.w.org\/{rel}","templated":true}]}}