{"id":417,"date":"2022-05-14T16:04:10","date_gmt":"2022-05-14T16:04:10","guid":{"rendered":"https:\/\/reveex.com\/laboratorios\/?post_type=product&#038;p=417"},"modified":"2022-05-14T16:04:32","modified_gmt":"2022-05-14T16:04:32","slug":"eriprim","status":"publish","type":"product","link":"https:\/\/reveex.com\/laboratorios\/producto\/eriprim\/","title":{"rendered":"Eriprim"},"content":{"rendered":"<p>V\u00eda Oral<\/p>\n<p>Sobre con 20 g. Caja dispensadora con 25 sobres.<\/p>\n<p><strong>Composici\u00f3n:<\/strong><\/p>\n<p>Tylosina (tartrato) 4,4 g<\/p>\n<p>Sulfafurazol (s\u00f3dico) 8,5 g<\/p>\n<p>Trimethoprim (lactato) 1,7 g<\/p>\n<p>Excipiente hidrosoluble c.s.p. 100 g<\/p>\n<p><strong>Posolog\u00eda:<\/strong><\/p>\n<p>Aves de cr\u00eda, Aves de adorno y Conejos: Disolver el contenido de un sobre (20 g) por 10 litros de agua de bebida y d\u00eda, durante 4 a 5 d\u00edas seguidos.<\/p>\n<p><b>C\u00f3digo<\/b><strong>:<\/strong><\/p>\n","protected":false},"excerpt":{"rendered":"<p><strong> Indicaciones:<\/strong><\/p>\n<p align=\"justify\">Tratamiento de infecciones del tracto respiratorio, en particular: Aves de cr\u00eda y Aves de adorno: Micoplasmosis puras, Enfermedad Respiratoria Cr\u00f3nica(C.R.D), Coriza infeccioso, Pasteurelosis, Estafilococia. Conejos: Neumon\u00eda, Pasteurelosis y Coriza.<\/p>\n<p><strong> Administraci\u00f3n:<\/strong><\/p>\n<p align=\"justify\">Administrar por v\u00eda oral, en agua de bebida.<\/p>\n<p>&nbsp;<\/p>\n","protected":false},"featured_media":444,"comment_status":"closed","ping_status":"closed","template":"","meta":{"_exactmetrics_skip_tracking":false,"_exactmetrics_sitenote_active":false,"_exactmetrics_sitenote_note":"","_exactmetrics_sitenote_category":0,"_uf_show_specific_survey":0,"_uf_disable_surveys":false},"product_brand":[],"product_cat":[44],"product_tag":[45],"class_list":{"0":"post-417","1":"product","2":"type-product","3":"status-publish","4":"has-post-thumbnail","6":"product_cat-pets","7":"product_tag-pets","9":"first","10":"instock","11":"shipping-taxable","12":"product-type-simple"},"aioseo_notices":[],"_links":{"self":[{"href":"https:\/\/reveex.com\/laboratorios\/wp-json\/wp\/v2\/product\/417","targetHints":{"allow":["GET"]}}],"collection":[{"href":"https:\/\/reveex.com\/laboratorios\/wp-json\/wp\/v2\/product"}],"about":[{"href":"https:\/\/reveex.com\/laboratorios\/wp-json\/wp\/v2\/types\/product"}],"replies":[{"embeddable":true,"href":"https:\/\/reveex.com\/laboratorios\/wp-json\/wp\/v2\/comments?post=417"}],"wp:featuredmedia":[{"embeddable":true,"href":"https:\/\/reveex.com\/laboratorios\/wp-json\/wp\/v2\/media\/444"}],"wp:attachment":[{"href":"https:\/\/reveex.com\/laboratorios\/wp-json\/wp\/v2\/media?parent=417"}],"wp:term":[{"taxonomy":"product_brand","embeddable":true,"href":"https:\/\/reveex.com\/laboratorios\/wp-json\/wp\/v2\/product_brand?post=417"},{"taxonomy":"product_cat","embeddable":true,"href":"https:\/\/reveex.com\/laboratorios\/wp-json\/wp\/v2\/product_cat?post=417"},{"taxonomy":"product_tag","embeddable":true,"href":"https:\/\/reveex.com\/laboratorios\/wp-json\/wp\/v2\/product_tag?post=417"}],"curies":[{"name":"wp","href":"https:\/\/api.w.org\/{rel}","templated":true}]}}