{"id":317,"date":"2022-05-14T16:02:58","date_gmt":"2022-05-14T16:02:58","guid":{"rendered":"https:\/\/reveex.com\/laboratorios\/?post_type=product&#038;p=317"},"modified":"2022-05-14T16:03:13","modified_gmt":"2022-05-14T16:03:13","slug":"ceptifur-100-cm3","status":"publish","type":"product","link":"https:\/\/reveex.com\/laboratorios\/producto\/ceptifur-100-cm3\/","title":{"rendered":"Ceptifur 100 cm3"},"content":{"rendered":"<p>Frasco con 100 ml.<\/p>\n<p><strong>Composici\u00f3n: <\/strong><\/p>\n<p>Ceftiofur (clorhidrato) 50 mg<\/p>\n<p>Excipiente c.s.p. 1 ml<\/p>\n<p><strong>Posolog\u00eda:<\/strong><\/p>\n<p>Porcinos: 1 ml\/16 kg p.v(3 mg de Ceftiour\/kg p.v), por v\u00eda intramuscular, durante 3 d\u00edas.<\/p>\n<p>Bovinos: 1 ml\/50 kg p.v(1 mg de Ceftiofur\/kg p.v), por v\u00eda subcut\u00e1nea, durante 3 a 5 d\u00edas.<\/p>\n<p><b>C\u00f3digo<\/b><strong>:<\/strong><br \/>\nPT0066<\/p>\n","protected":false},"excerpt":{"rendered":"<p><strong> Indicaciones:<\/strong><\/p>\n<p align=\"justify\">Porcinos: Tratamiento curativo deinfecciones respiratorias causadas por Actinobacillus pleuropneumoniae, Pasteurella multocida y Streptococcus suis.<\/p>\n<p align=\"justify\">Bovinos: Tratamiento curativo de infecciones respiratorias causadas por Pasteurella haemolytica, P. multocida y Haemophilus somnus; de la pododermatitis infecciosa causada por Fusobacterium necrophorum y Bacteroides melaninogenicus; y de la metritis aguda post-parto en los 10 d\u00edas despu\u00e9s del parto asociada con E. coli, Arcanobacterium pyogenes y Fusobacterium necrophorum.<\/p>\n<p><strong> Administraci\u00f3n:<\/strong><\/p>\n<p>&nbsp;<\/p>\n","protected":false},"featured_media":347,"comment_status":"closed","ping_status":"closed","template":"","meta":{"_exactmetrics_skip_tracking":false,"_exactmetrics_sitenote_active":false,"_exactmetrics_sitenote_note":"","_exactmetrics_sitenote_category":0,"_uf_show_specific_survey":0,"_uf_disable_surveys":false},"product_brand":[],"product_cat":[42],"product_tag":[43],"class_list":{"0":"post-317","1":"product","2":"type-product","3":"status-publish","4":"has-post-thumbnail","6":"product_cat-ganaderia-y-avicultura","7":"product_tag-ganaderia-y-avicultura","9":"first","10":"instock","11":"shipping-taxable","12":"product-type-simple"},"aioseo_notices":[],"_links":{"self":[{"href":"https:\/\/reveex.com\/laboratorios\/wp-json\/wp\/v2\/product\/317","targetHints":{"allow":["GET"]}}],"collection":[{"href":"https:\/\/reveex.com\/laboratorios\/wp-json\/wp\/v2\/product"}],"about":[{"href":"https:\/\/reveex.com\/laboratorios\/wp-json\/wp\/v2\/types\/product"}],"replies":[{"embeddable":true,"href":"https:\/\/reveex.com\/laboratorios\/wp-json\/wp\/v2\/comments?post=317"}],"wp:featuredmedia":[{"embeddable":true,"href":"https:\/\/reveex.com\/laboratorios\/wp-json\/wp\/v2\/media\/347"}],"wp:attachment":[{"href":"https:\/\/reveex.com\/laboratorios\/wp-json\/wp\/v2\/media?parent=317"}],"wp:term":[{"taxonomy":"product_brand","embeddable":true,"href":"https:\/\/reveex.com\/laboratorios\/wp-json\/wp\/v2\/product_brand?post=317"},{"taxonomy":"product_cat","embeddable":true,"href":"https:\/\/reveex.com\/laboratorios\/wp-json\/wp\/v2\/product_cat?post=317"},{"taxonomy":"product_tag","embeddable":true,"href":"https:\/\/reveex.com\/laboratorios\/wp-json\/wp\/v2\/product_tag?post=317"}],"curies":[{"name":"wp","href":"https:\/\/api.w.org\/{rel}","templated":true}]}}