{"id":859,"date":"2022-04-10T16:14:30","date_gmt":"2022-04-10T16:14:30","guid":{"rendered":"http:\/\/c2540650.ferozo.com\/agricola\/?post_type=product&#038;p=859"},"modified":"2022-04-21T21:41:31","modified_gmt":"2022-04-21T21:41:31","slug":"cyperplan-10-le-1lt","status":"publish","type":"product","link":"https:\/\/reveex.com\/agricola\/product\/cyperplan-10-le-1lt\/","title":{"rendered":"Cyperplan 10-LE 1lt"},"content":{"rendered":"<p><strong>Composici\u00f3n: <\/strong><\/p>\n<p>Cipermetrina 10%<\/p>\n<p><strong>Dosis de aplicaci\u00f3n:<\/strong><\/p>\n<p>200 a 400 cc\/Ha<\/p>\n<p><strong>C\u00f3digo: <\/strong><\/p>\n<p>PT0022<\/p>\n<p>&nbsp;<\/p>\n","protected":false},"excerpt":{"rendered":"<p><strong> Propiedades:<\/strong><\/p>\n<p align=\"justify\">Insecticida no sist\u00e9mico de amplio espectro. Eficaz tanto por contacto como por ingesti\u00f3n. R\u00e1pida acci\u00f3n de choque. Buena persistencia (contra moscas 1 mes). Resistente al lavado por lluvia. Presenta una alta eficacia contra lepid\u00f3pteros.<\/p>\n<p><strong> Aplicaciones:<\/strong><\/p>\n<p align=\"justify\">Algod\u00f3n: Gusano cogollero (Spodoptera frugiperda), Gusano rosado (Pectinophora gossypiella), Gusano Alabama (Alabama argillacea), Falso medidor (Trichoplusia ni).<\/p>\n<p align=\"justify\">Arroz: Gusano cogollero (Spodoptera frugiperda), Gusano del jojoto (Heliothis zea).<\/p>\n<p align=\"justify\">Ma\u00edz y Sorgo: Gusano cogollero (Spodoptera frugiperda), Mosca del Ovario (Contarinia sorghicola).<\/p>\n<p align=\"justify\">Hort\u00edcolas: Gusano Cogollero (Spodoptera frugiperda), Perforador de fruto (Neuleoucinodes elegantalis), Falso Medidor (Trichoplusia ni), Mosca Blanca (Bemisia tabaci), Pasador (Liriomiza spp).<\/p>\n<p align=\"justify\">Papa: Palomilla (Gnorimoshema opercallella).<\/p>\n<p>&nbsp;<\/p>\n","protected":false},"featured_media":945,"template":"","meta":[],"product_brand":[],"product_cat":[43],"product_tag":[44],"class_list":{"0":"post-859","1":"product","2":"type-product","3":"status-publish","4":"has-post-thumbnail","6":"product_cat-insecticidas","7":"product_tag-insecticidas","9":"first","10":"instock","11":"shipping-taxable","12":"product-type-simple"},"_links":{"self":[{"href":"https:\/\/reveex.com\/agricola\/wp-json\/wp\/v2\/product\/859","targetHints":{"allow":["GET"]}}],"collection":[{"href":"https:\/\/reveex.com\/agricola\/wp-json\/wp\/v2\/product"}],"about":[{"href":"https:\/\/reveex.com\/agricola\/wp-json\/wp\/v2\/types\/product"}],"wp:featuredmedia":[{"embeddable":true,"href":"https:\/\/reveex.com\/agricola\/wp-json\/wp\/v2\/media\/945"}],"wp:attachment":[{"href":"https:\/\/reveex.com\/agricola\/wp-json\/wp\/v2\/media?parent=859"}],"wp:term":[{"taxonomy":"product_brand","embeddable":true,"href":"https:\/\/reveex.com\/agricola\/wp-json\/wp\/v2\/product_brand?post=859"},{"taxonomy":"product_cat","embeddable":true,"href":"https:\/\/reveex.com\/agricola\/wp-json\/wp\/v2\/product_cat?post=859"},{"taxonomy":"product_tag","embeddable":true,"href":"https:\/\/reveex.com\/agricola\/wp-json\/wp\/v2\/product_tag?post=859"}],"curies":[{"name":"wp","href":"https:\/\/api.w.org\/{rel}","templated":true}]}}